pose -2*j - 1 = 2*a - 5, -5*j - a = -22. Let m(h) = j*h**3 + 253 - 253. What is m(p)?
-5
Let g(l) = -19 + 53 - 19 - l - 13. Let u be (-1)/4 - (-66)/8. Give g(u).
-6
Let g = 138 - 141. Let x(f) = 4*f**3 - 4*f**2 + 3*f - 4. Let p(c) = -11*c**3 + 12*c**2 - 9*c + 12. Let j(k) = g*p(k) - 8*x(k). Give j(4).
8
Let u(y) be the third derivative of y**4/8 - 19*y**3/6 + 462*y**2. Calculate u(5).
-4
Let m(l) be the second derivative of -l**4/12 + 3*l**3/2 - 11*l**2/2 - 17*l + 3. What is m(8)?
-3
Let p(v) = 2*v**3 + v**2 + 5*v + 1. Let a be p(-2). Let j(n) = -n**2 - 19*n + 49. Calculate j(a).
7
Let i(p) be the third derivative of p**5/30 + 7*p**4/24 + 7*p**3/6 + 3*p**2. Suppose -14*z - 147 = -77. Determine i(z).
22
Let m(s) = s + 7. Let n be m(-8). Let p be 3 + (-3 - (-2 - n)). Let b = p + -3. Let f(y) = y**3 + y**2 + y + 2. What is f(b)?
-4
Suppose f + 5*u - 30 = 0, 59*f = 55*f - 4*u + 72. Let v(p) = p + 13. Give v(f).
28
Let t(v) = v**2 + 12*v + 9. Suppose -5*d + 9 = -11, 16 = -3*a - 2*d. Calculate t(a).
-23
Let m(t) = t**3 + 4*t**2 - 2*t - 4. Let k(l) = -7*l**2 + 11*l + 14. Let y(w) = w**2 - w + 1. Let p(d) = k(d) + 6*y(d). Let u be p(8). What is m(u)?
4
Let b(a) = -a**2 - 7. Let s(x) = x**3 + 4*x**2 + 3*x. Let k be s(-1). Determine b(k).
-7
Let t(l) = -l - 6*l + 1 + 3*l. Let c be (-16 + 984/60)*(-10)/4. What is t(c)?
5
Let t(m) = -m + 4. Let q(s) = -2*s**2 + 49*s - 21. Let z be q(24). Determine t(z).
1
Let x(p) = p - 3. Suppose 2*k + 6 = 3*o, -2*o - k + 4 - 7 = 0. Let m = o + 5. Give x(m).
2
Let a(x) = x**2 + 6*x + 2. Suppose 3*h - 27 = -12. Let m be h + (4 - 1) + -5. Suppose 16 = -5*v + 2*f + 2*f, -m*f = -4*v - 13. What is a(v)?
-6
Suppose -2*s + 6 = z, -14 = -3*s - s - 3*z. Suppose -2*d - 36 = 5*r, -7*d = s*r - 4*d + 10. Let q(x) = x**3 + 7*x**2 - 10*x - 10. Give q(r).
6
Let t(s) = 7*s - 8. Let v(c) = -6*c + 7. Let r(n) = -5*t(n) - 6*v(n). Let u be (-90)/165 + 120/(-22). Calculate r(u).
-8
Let t(m) = -m**2. Let v(k) = k**2 + k + 1. Let f(h) = 3*t(h) + 2*v(h). Calculate f(3).
-1
Let t be 48/21 + -2 - 10/35. Let a(k) = -11*k**3 - 5*k**2 + 3*k + 17. Let j(l) = 7*l**3 + 3*l**2 - 2*l - 11. Let q(f) = -5*a(f) - 8*j(f). What is q(t)?
3
Let z(w) = -w**3 - 2*w**2 + 6*w - 11. Let n be z(-4). Let u(x) = -6*x + 4. What is u(n)?
22
Let z(c) = -1 + 3*c**2 + 25*c - 4*c**2 + 9 - 45*c + 22*c. Determine z(4).
0
Let z(o) be the second derivative of o**6/90 - o**5/60 - o**4/4 + 10*o. Let a(l) be the third derivative of z(l). Determine a(2).
14
Suppose 0 = -3*v + 5*i - 6*i - 19, v = -3*i - 1. Let s(t) = 5*t + 4. Give s(v).
-31
Let s(b) = -1 + b**3 - 5*b + 3 + 3*b. Let a be (-21)/(-14)*8 + -10. Determine s(a).
6
Let r be 0 + (2 - (0 - 0)). Let z(k) = 43*k + 28*k - 67*k - 1. Let s be z(r). Let v(f) = f**3 - 6*f**2 - 8*f - 2. Calculate v(s).
-9
Let s(f) = f**3 - f**2 - 1. Let a(x) = -x**3 + 9*x**2 + 3*x - 4. Let o(n) = -a(n) - 2*s(n). Determine o(-7).
27
Let o(f) = 7*f + 5. Let h(r) = 19*r - 167. Let i be h(9). What is o(i)?
33
Let v(u) be the first derivative of -u**4/4 - 3*u**3 - 7*u**2 + 5*u - 59. What is v(-7)?
5
Let q(d) = d**3 - 5*d**2 - 2*d + 17. Let w be q(4). Let z(c) = c**3 + 6*c**2 - 6*c + 7. What is z(w)?
0
Let v(p) be the second derivative of -p**5/20 - p**4/12 + p**3/6 + p**2 - 12*p - 14. Determine v(-2).
4
Let f(k) = k - 14. Let m be (-24 - 0)*(-2)/6. Determine f(m).
-6
Let y = -17 - -19. Let j(h) = -h + 80*h**y + 88*h**2 + 0*h + 1 - 173*h**2. Suppose 4*s = -s + 5. Determine j(s).
-5
Suppose -w + 4*y - 3*y = 23, -5*y = w - 1. Let i = -95 + 82. Let k = i - w. Let b(t) = t**3 - 7*t**2 + 7*t - 8. What is b(k)?
-2
Suppose 2*z + 4*z = 18. Let r(x) = 3*x + 15 - 5*x + z*x. Suppose 5*b - 4*q + 12 = -4, -4*q + 16 = -4*b. Calculate r(b).
15
Let n(r) be the second derivative of r**4/12 - 7*r**3/6 + 7*r**2/2 - r. Suppose -4 = 10*l - 74. What is n(l)?
7
Suppose 2*k - 6*k = -84. Let r be ((-60)/(-50))/((-3)/(-20)). Let p(t) = -1 + 12*t + t**2 + r*t - k*t. Give p(-2).
5
Let m = 210 - 204. Let o(y) = y - 7. What is o(m)?
-1
Let a = -10 + 1. Let s(m) = -m**3 - 10*m**2 - 11*m - 11. Let w be s(a). Let t(h) = 2*h - 9. Calculate t(w).
5
Let z(f) = f**3 - 9*f**2 + 8*f + 8. Let i(k) = -7*k - 34. Let d be i(-5). Let a be d*(-48)/(-9)*3/2. What is z(a)?
8
Let b = 2 + 9. Suppose -b + 39 = 14*f. Let w(s) = 2*s. What is w(f)?
4
Let f(n) be the second derivative of n**4/6 - 7*n**3/6 + 3*n**2 - 15*n + 1. Give f(5).
21
Let i(x) = 6*x**2 + 4*x + 58*x**3 - 2*x - 169*x**3 + 7 + 58*x**3 + 54*x**3. Give i(-5).
22
Suppose c = -5*x - 32, 3*c + 118 = -4*x + 99. Let p(i) = 0*i + 3 - i - 5. What is p(c)?
-5
Let p(o) be the second derivative of 0*o**2 - 1/2*o**4 + 0 - o + 1/20*o**5 + 1/3*o**3. Suppose -32*m = -36*m - w + 24, -3*m + 3*w + 18 = 0. Calculate p(m).
12
Let q(x) = x**3 - 8*x**2 - 2*x + 9. Let m = -302 + 310. What is q(m)?
-7
Let s(v) = 5*v**3 + 0*v**3 - 2*v**3 - 1. Suppose 209 = -179*j + 97 - 246. Give s(j).
-25
Let f(z) = -z**3 + 3*z**2 + 3*z + 5. Let h = 239 + -235. Calculate f(h).
1
Let b(t) = -t. Let l(z) = -2*z**2 + z. Let x(n) = 5*b(n) + 4*l(n). What is x(-1)?
-7
Suppose -9*n - 12 = -13*n. Let l(x) = -3*x + 5*x - x + n. Determine l(5).
8
Let v(k) = -22193*k + 4 + 2 + 22182*k. Determine v(-2).
28
Let z(k) = -2 - 2*k**3 + 7*k + k**3 + 4*k**2 - 2. Let n(m) = -16*m**3 - m. Let y be n(1). Let v(b) = -b**2 - 18*b - 12. Let q be v(y). Determine z(q).
6
Let h(o) = -o**2 + 14*o + 3. Let z be h(14). Suppose 5*p + z*s = -8, p + p + 2*s = -4. Let u(x) = -x + 5*x**2 - x**2 + 0*x. Give u(p).
5
Let x(r) = r + 1. Suppose -3*o + 1 = -5*h, 0 = 3*h - 0*o + 5*o - 13. Determine x(h).
2
Let i(g) = -2*g**2 + 2*g + 2. Suppose j + 28 = 26. What is i(j)?
-10
Let a(z) be the first derivative of -z**5/120 - 5*z**4/8 + 8*z**3/3 - 10. Let c(w) be the third derivative of a(w). Calculate c(-10).
-5
Let t(v) = 1 + v**2 - 1070*v + 1071*v + 3. Give t(4).
24
Let j(n) be the first derivative of -n**4/4 + 17*n**3/3 + 17*n**2/2 + 17*n - 400. Give j(18).
-1
Let k(o) = o**2 + 3*o - 4*o - 5*o. Suppose -4*v = -5*p - 30, v - p - 15 = -8. Determine k(v).
-5
Suppose 3*f = 5*o + 36, 3*o - f - 3 + 23 = 0. Let v(x) be the third derivative of 0 - 11*x**2 - 2*x**3 + 0*x - 1/24*x**4. What is v(o)?
-6
Let v be (15/6 - 3)*-4. Let p(q) = -q**3 - 2 - 24*q**2 + 13*q**v - 2*q + 13*q**2. Give p(2).
-6
Suppose -g = -6*g - 30. Let l(u) = u**3 - u**2 - u - 1. Let v(z) = -7*z**3 + 11*z**2 + 4*z + 2. Let t(m) = g*l(m) - v(m). What is t(3)?
-8
Let k(t) = t**3 - 4*t**2 - 5*t. Let n(y) = 55*y**2 - 4*y - 4. Let x be n(-1). Let p = -50 + x. What is k(p)?
0
Let n = -18251 + 18256. Let f(s) be the first derivative of -1 + 5*s - 7/2*s**2 + 1/3*s**3. Calculate f(n).
-5
Let z(j) = -13*j - 3. Let g(y) = -43*y - 11. Let o(f) = -3*g(f) + 10*z(f). Suppose 10 = -4*h - 5*u + 3*u, -20 = -2*h + 4*u. Give o(h).
3
Let h(v) = -v**2 + 2*v - 52. Let u(k) = -k**2 + k - 21. Let f(l) = 2*h(l) - 5*u(l). Suppose 0 = 2*x + 2*x - 4. Give f(x).
3
Let c = 22 + -18. Suppose -5*q = -4*t - 9 - c, -3*t = q + 24. Let u(h) = -h**2 - 7*h + 3. Determine u(t).
3
Let v(d) = 3*d + 2. Suppose -24 = -2*m - 5*a, -3*a + 36 = 3*m + a. Let u be m/(-9) + (-8)/12. Give v(u).
-4
Suppose -2*p + 2 = -0. Let i be (1 - p) + 3/(-1). Let u(f) = -6*f - 4. Determine u(i).
14
Let q(u) = 2*u + 3*u - 4*u + 2. Let o = -24 + 43. Suppose -o + 1 = 6*l. What is q(l)?
-1
Suppose 3*u = -5*w + 35, 2*w - 3*u = -2*w + 1. Let m(s) = 0*s**2 - s**3 + w*s**2 - 23 + 28 - 2*s + 2*s**2. Give m(6).
-7
Let t = 6 + -11. Let x(p) = -p + 1. Let i(f) = 5 + f + 3 - 9. Let d(r) = -5*i(r) - 4*x(r). What is d(t)?
6
Let a(h) = h**3 + 3*h**2 - 4*h - 1. Let k(b) = b - 1. Let y be k(1). Suppose y*o = -6*o + 24. Let m(c) = 2*c - 12. Let j be m(o). Calculate a(j).
-1
Let i = -170 - -165. Let p(y) = 12*y + 62. Determine p(i).
2
Let n(u) = -13 + 71*u - 45*u - 25*u. Calculate n(6).
-7
Let b(t) = t**3 + 4*t**2 - 19*t**2 + 14*t**2 - 1 + 7*t**3 + 2*t + 2*t**3. Calculate b(1).
10
Let k(t) be the first derivative of -t**4/4 + 5*t**3/3 - t**2 + t - 787. Let g(u) = 3*u**2 - u - 1. Let x be g(-1). Calculate k(x).
13
Let m be 3/(-2) + (5 - 110/20). Let a(u) = -7*u**2 + 2 - 2*u + 3*u**2 - 4. Give a(m).
-14
Let i(l) be the first derivative of l**2/2 - 8*l + 5. Let x = 4 + -2. Suppose -8 = -6*h + 4*h - x*b, h - 16 = 5*b. Determine i(h).
-2
Let z be 1